at is the hundreds digit of 54*(-14)/(-105)*(-240)/(-9)?
1
Let c(k) = -47*k + 23. What is the tens digit of c(-12)?
8
What is the tens digit of (2*1 + 0 + -3)*-389?
8
Let n = -6 - -9. Let g(i) = 33*i + 4. Let c be g(n). Let t = 144 - c. What is the units digit of t?
1
Let q be 9/4 - (114/(-24) + 5). Let p(h) = -14*h - 3. Let o(b) = -1. Let d(i) = 6*o(i) - p(i). What is the units digit of d(q)?
5
Let w be -2 - 42*((-138)/14 + 3). Suppose 4*m - w = 2*m. What is the hundreds digit of m?
1
Let h(n) = -2*n**3 - n**2 + 2*n - 4. Let z be h(-4). Suppose 0 = 8*q - 124 - z. What is the units digit of q?
8
Let c be -3*(-3 + 56/12). What is the hundreds digit of 1/(c + (-3213)/(-642))?
2
Suppose -1 - 7 = 2*z. Let c be z/(-7) + 342/63. Suppose -k = c - 19. What is the units digit of k?
3
Let t(f) = 20*f. Let x be t(1). Let o = 326 - x. What is the hundreds digit of o?
3
Let o = -1410 - -2578. Suppose 6*u + 382 = o. What is the hundreds digit of u?
1
Let q = 2 - 2. Suppose q = -w + 12 + 11. Suppose 0*i = i - w. What is the units digit of i?
3
Suppose 0*g = 4*g - 20. Suppose g*u - 44 - 1 = 0. Let y = -5 + u. What is the units digit of y?
4
Let v be (-103 - -2)*7/(-7). Let c = v - 62. What is the units digit of c?
9
Let v = 167 - 112. Suppose -14*j + v = -13*j. What is the tens digit of j?
5
Suppose i - 180 = -5*r, 0*i = 3*i + r - 470. Let o = -105 + i. What is the tens digit of o?
5
What is the hundreds digit of (94/10)/(29/1015)?
3
Suppose -x + 3*x + 2 = p, 0 = -p + x + 5. Let l(s) = p*s**2 + s**3 - 9*s + 11 + s + 7*s. What is the tens digit of l(-8)?
1
What is the thousands digit of 5512/(-182)*(-455)/10?
1
Let k be (272/24)/(2/(-3)). Let y(f) = f**2 + 12*f + 33. What is the units digit of y(k)?
8
Let f(i) = 3*i**3 + 73*i**2 - 22*i - 16. What is the tens digit of f(-23)?
0
Let o(r) = r**2 + 8*r - 28. Let z be o(-12). Let g(v) = 2 - 5*v - 4 - 2*v**2 - z*v. What is the tens digit of g(-11)?
3
Let i(q) = q**3 - 13*q**2 + 12*q. Let b be i(12). Suppose -x + 26 + 22 = b. Suppose -5*k + 8*k = x. What is the tens digit of k?
1
Let y(x) = x**3 - 16*x**2 - 2*x + 30. Let l be y(16). What is the tens digit of (-6)/l*20/6?
1
Let o = -527 + 966. What is the units digit of o?
9
Let m(g) = 10*g + 11. Let r(n) = n**2 + 1. Let u(t) = m(t) + 2*r(t). What is the tens digit of u(-9)?
8
Let a = 725 + -443. Let v = 398 - a. What is the tens digit of v?
1
Let h(b) = 11*b - 3. Suppose 0 = -2*i + 7*i - 15. Let c be (-56)/(-21) + 4/i. What is the tens digit of h(c)?
4
What is the tens digit of (7 - 1106)/(-1) - (0 - -2)?
9
Suppose -2*j + 0*f = -f + 22, -8 = j - 2*f. What is the units digit of 15/(-10)*j*2?
6
Suppose -10*y = -4*y - 12. What is the units digit of y?
2
Let y be -2*(-2)/(-4) - -5. Let a = 716 - 476. Suppose -4*u - 5*h + 0*h = -208, 0 = y*u - 3*h - a. What is the units digit of u?
7
Let b = -283 - -1322. What is the tens digit of b?
3
Let m(d) = d**2 + 12*d + 18. Let s be m(-11). Suppose -2*y = -s*y + 245. What is the tens digit of y?
4
Let h(q) = -10 - 2*q - 8*q + 2*q + q**2. Let b be h(9). Let k = 46 - b. What is the units digit of k?
7
Suppose 0 = 75*v - 80*v + 2790. What is the hundreds digit of v?
5
Let s(h) = 3*h + 15. Let q be s(10). Let d = 77 - q. What is the units digit of d?
2
Let v be (-96)/(-45) - 0 - (-4)/(-30). Suppose -v*j + 143 = -j. What is the units digit of j?
3
Let k = 36 - 33. What is the tens digit of ((-3)/(18/(-669)))/(k/6)?
2
Suppose 5*r - 2*r + 2*v = 35, -r + 5 = -v. Let i(c) = -25*c + 12*c + 5*c**2 + 7 + r*c + 2*c**2. What is the units digit of i(3)?
8
Suppose 3*b + 8 = 7*b. Suppose -b*n + 81 = w, n + w = 8 + 32. What is the units digit of n?
1
Let s = -42 - -42. Let h(i) be the first derivative of 2*i**3/3 + i**2/2 + 29*i - 1. What is the tens digit of h(s)?
2
Suppose 3*r = 2*u + 7586, -2*r = -7*r - 5*u + 12660. What is the units digit of r?
0
Let a(o) = o**2 + 4*o - 5. Let s be a(-5). Suppose s = -n + 6*n - 175. What is the units digit of n?
5
Let i be ((-12)/(-1))/(12 - 11). Suppose -4*s = -0*s - i. Suppose 2*q + s*v - 75 = -q, 5*v = -4*q + 96. What is the units digit of q?
9
What is the units digit of (24/(-18))/((-8)/54)?
9
Suppose 2*b - 2 = 0, 5*b - 14 = f + 25. What is the units digit of -33*(f/21 - 8/(-28))?
4
Suppose 3*q = -4*h + 106, -2*q + 6*q - 193 = 5*h. Let a be q/4*12/(-7). Let f = 5 - a. What is the tens digit of f?
2
Let z = 2767 + -1126. What is the thousands digit of z?
1
Let u(w) = 17*w**2 - 18*w + 36. Let l be u(2). Let f = -2 - -4. Suppose 6*z = f*z + l. What is the units digit of z?
7
Let q be (7/3)/(3*(-1)/(-18)). What is the tens digit of q + 3*(-4)/(-6)?
1
Let v = 4 - 1. Let f(y) = y**3 - 5*y**2 + 2*y - 2. Let n be f(v). What is the units digit of 1/((n/16)/(-7))?
8
Suppose -4*a + a = 66. Let h = a - -44. What is the tens digit of h?
2
Let u(x) = -x**2 - 2*x + 3. Let i be u(-4). What is the units digit of (2 - -13)/i + 66?
3
Let n(h) be the second derivative of -h**5/20 + 5*h**4/12 + h**3 - 3*h**2/2 - 11*h. Let k be n(5). Suppose 277 = 5*l + k. What is the units digit of l?
0
Let r be (-2)/(-7) + 8/(-28). Suppose r = 4*y - 151 - 69. Suppose -y = 7*b - 195. What is the units digit of b?
0
Let v be 42*1*4*(-4)/(-48). Suppose 2*x = 2*f + 30, 0*x - x + 6 = -4*f. Let s = x - v. What is the units digit of s?
4
Suppose -w = -3*m + 10, -4*w + 0*m + 3*m - 22 = 0. Let f = w - -16. What is the tens digit of (1 - 7)/(f/(-32))?
1
Suppose g = y - 10, -2*g = -0*g - 5*y + 35. Let u be ((-4)/(-18))/((-8)/(-36)). Let h = u - g. What is the units digit of h?
6
Let r(q) = -8*q - 15180. Let y be r(0). What is the hundreds digit of (1 - (-10)/(-6))/(40/y)?
2
Suppose 3*f + 6 = 5*f. Suppose 0 = -3*w - j + 89, -3*w + f*j = w - 97. Suppose -3*t + 3*b = -t - 31, -2*t + 4*b + w = 0. What is the tens digit of t?
2
Suppose 5*m + 1049 = 4*y - 3*y, -3*m = 12. What is the units digit of y?
9
Suppose -5*q - 130 + 43 = -3*k, 2*q = -5*k + 176. What is the units digit of k?
4
Let x(r) = -r**3 + r**2 + 3*r + 1. Let o be x(3). Let y(s) be the first derivative of -s**4/4 - 8*s**3/3 - 5*s**2/2 - 3*s - 30. What is the tens digit of y(o)?
3
Suppose 0 = 7*r - 5*r - 596. Suppose -3*o - o = 5*q - r, -2*o - 170 = -3*q. Suppose 3*s - 14 = q. What is the tens digit of s?
2
Suppose 11*n - 15*n = -8. Suppose -n*i + 12 = v, 4*v + 0*v = 8. Suppose 3*b = 5*u + 4*b - 40, u - 32 = -i*b. What is the units digit of u?
7
Let z be (-175)/(-28) + 9/12. Let a(p) = -p**3 + 7*p**2 + 8*p - 9. What is the tens digit of a(z)?
4
Let z(f) = 76*f - 1. Let u be z(6). Suppose -u = -7*g + 56. What is the units digit of g?
3
Let q(y) = 16*y**3 + 3*y**2 + 3*y - 5. What is the hundreds digit of q(3)?
4
Let z(f) = -3*f**3 - 36*f**2 - 18*f - 5. What is the tens digit of z(-12)?
1
Let h be -20 + (-5 - -2 - -7). Let d = -10 - h. Suppose -192 = 2*z - d*z. What is the tens digit of z?
4
Suppose -2*n + 8 = -6*n. Let f(x) = -3*x**3 + 3*x**2 + 2*x + 3. What is the units digit of f(n)?
5
Let b(a) be the third derivative of 61*a**5/30 - a**4/12 - a**3/3 + 24*a**2. What is the hundreds digit of b(-1)?
1
Suppose -827 + 107 = -5*r. Let q = -18 + r. What is the tens digit of q?
2
Let i = 597 + -2737. What is the tens digit of (-4)/(-8) - i/8?
6
Suppose 2*p - 4*l - 28 - 8 = 0, -p - 5*l - 3 = 0. Suppose 0 = 3*w + p, 5*s + 3*w = -0*w + 378. What is the units digit of s?
8
Let c = -137 + 161. Let k = 31 + c. What is the units digit of k?
5
Let f(g) = 4*g - 5. Let z be f(2). Suppose -2*x + 96 = -z*k, 46 = 4*x - 3*x - 2*k. What is the tens digit of x?
5
Let u(m) = m**3 + 8*m**2 + 7*m - 20. Let g be u(-7). Let c = g - -48. What is the tens digit of c?
2
Let q be 7/2 - (-6)/4. Suppose -9*y + q*y = -164. What is the units digit of y?
1
Let i(t) = t**3 - 14*t**2 + 14*t + 8. Let k be i(13). What is the hundreds digit of (12 + -13)*(k*-5 + -1)?
1
Let x(o) = 3*o**3 - 45*o**2 - 66*o + 24. Let z(g) = -g**3 + 23*g**2 + 33*g - 12. Let b(t) = 2*x(t) + 5*z(t). What is the hundreds digit of b(-23)?
2
Let p be 14/6 + (-2)/6. Let w be p/16 - 17/136. Suppose -5*y + 21 + 14 = w. What is the units digit of y?
7
Let i = -35 - -33. Let r(s) = 2*s**3 + 6*s**2 - 10*s + 6. Let f(v) = -v**3 - 2*v**2 + 3*v - 2. Let t(k) = 7*f(k) + 2*r(k). What is the tens digit of t(i)?
1
Let u = 450 - 297. Suppose -y = -3*p - 45, -y + 6*y = -3*p + u